 = -b**2 + 23*b - 13. Let r(m) = -m**3 - 14*m**2 + m + 20. Let k be r(-14). List the prime factors of d(k).
89
Suppose 4*k + k - 5*s = 0, -2*k + 20 = 2*s. Let v = 139 + k. List the prime factors of v.
2, 3
Suppose 2*u - v = -46, -4*v + 116 = -5*u - 2*v. Let o = -15 - u. Let b(z) = z**3 - 6*z**2 - 23*z + 12. List the prime factors of b(o).
2, 3
Suppose 374*n + y = 375*n - 499, 0 = n - 3*y - 497. What are the prime factors of n?
2, 5
Let y be 3474/(-12)*2/(-3). Let r be 2/1 + (-22 - -24). Suppose -r*v + 91 = -y. What are the prime factors of v?
71
Suppose -3*i + 3*c + 249 = 0, -2*i - 4*c = -0*c - 172. List the prime factors of (1/(-2) - 1)/(i/(-112)).
2
Suppose -5*s + 98 = -g, 2*s - 17 = 4*g + 33. Let k(h) = -14*h + 11*h**2 + h**2 + s*h - 1. List the prime factors of k(2).
3, 19
Let r(d) = 12*d + 50. List the prime factors of r(6).
2, 61
Let h(v) = v**3 - 8*v**2 - v + 4. Let w be h(8). Let g(m) = -2*m**2 - 2*m - 4. Let z be g(w). Let q = z + 53. List the prime factors of q.
5
Let w(c) = 80*c**2 + 23*c - 14. Let b(y) = -27*y**2 - 8*y + 5. Let t(n) = 11*b(n) + 4*w(n). List the prime factors of t(2).
3, 11
Let l(h) be the third derivative of h**6/120 + 2*h**5/5 + 3*h**4/4 + 7*h**3/6 + 10*h**2. List the prime factors of l(-23).
2, 61
Let a(h) = 15*h**2 - 47*h - 285. List the prime factors of a(-6).
3, 179
Let p = -4 - -6. Let b = p + -9. Let m = b + 12. List the prime factors of m.
5
What are the prime factors of (-39672)/(-108)*3/2?
19, 29
Let m = -756 + 1170. What are the prime factors of m?
2, 3, 23
Let w(i) = i**3 - 40*i**2 + 24*i + 322. List the prime factors of w(42).
2, 7, 347
What are the prime factors of -20*2/15*(-1203)/2?
2, 401
Suppose 15255 = 5*d - 5*a, -5*d + 43*a - 48*a + 15305 = 0. What are the prime factors of d?
2, 191
Let p = -7 + -290. Let x = p - -430. What are the prime factors of x?
7, 19
Let a(l) = 87*l + 30. Let g be a(-5). Let u = g - -572. List the prime factors of u.
167
Suppose 7 = -5*s - 23. Let d be 80/s - 6/9. Let t = d - -18. What are the prime factors of t?
2
Let u(y) = y**2 + 6*y + 66. What are the prime factors of u(0)?
2, 3, 11
Suppose 0 = -5*d + 2*f + 7886, 5*f - 3752 - 4148 = -5*d. What are the prime factors of d?
2, 3, 263
Suppose 3*l = 4*k + 3, 2*l = -7*k + 2*k + 25. Suppose l*g - 645 = -m, -4*g + 2*m - 7*m = -537. List the prime factors of g.
2
Let f be (-2)/(-12) + 1/(-6). Suppose -5*x + 550 = 5*b, f = 3*b + b + x - 425. List the prime factors of b.
3, 5, 7
What are the prime factors of (-776)/(-12)*(-6 + (-153)/(-6))?
13, 97
Suppose 0 = -10*g + 11*g - 3. Suppose -3*j + g*t - 17 = -7*j, 3*t = 2*j + 5. Suppose 0 = -4*z - 16, -j*o - 4*z + 39 = 3*o. List the prime factors of o.
11
Let a = 1 + -3. Let h be a*(10/4 - 2). Let k = h - -13. What are the prime factors of k?
2, 3
Let s be 1 + (-1 - 1) - -9. Suppose s = -n - 2*r, -3*r = -0*r + 15. Suppose -36 = -4*h + n*h. List the prime factors of h.
2, 3
Let f = 58 + 32. Let x = 152 - 148. Suppose -i + f = x*i. What are the prime factors of i?
2, 3
Let y(d) = d**2 - d + 6. Suppose 15 = 5*c + r - 6, -17 = -4*c - r. Suppose l + 4*z + 11 = 0, z + c = -z. What are the prime factors of y(l)?
2, 3
Let w = 6 + -2. Suppose a - 99 = -5*q + 6*q, 387 = w*a + 5*q. List the prime factors of a.
2, 7
Suppose -w = -5*w, 3*w = 5*v - 10. Let a(u) = 23*u + u**v - 8*u + 5 + 1. What are the prime factors of a(-17)?
2, 5
Suppose 8*d = 6*d - 88. What are the prime factors of (d/(-16)*18)/((-3)/(-6))?
3, 11
Let q = 2 + 1. Suppose 5*i + 4*l + 241 = 0, q*l - 6*l - 102 = 2*i. List the prime factors of (2*-4)/(10/i).
2, 3
Suppose -2018 = -5*a - 2*d, 7*d + 1621 = 4*a + 2*d. Suppose 5*r - 540 = -2*i, 4*r - 2*i = 2*i + a. List the prime factors of r.
2, 53
List the prime factors of (-6 - (-119)/21)/((-2)/5388).
2, 449
What are the prime factors of 5/(-10)*(-3 + -2326 + 5)?
2, 7, 83
Let z be 3 + 16/2 + 3. Let o = -11 + z. Suppose o*v - 2*v = 15. What are the prime factors of v?
3, 5
Let q be (-1)/4 - 7/4. Let b = -78 + 79. What are the prime factors of -38*b*1/q?
19
Suppose -1930 = -2*c - 4*h, c - 4*h - 1404 = -445. List the prime factors of c.
3, 107
Let w(u) = -u**3 + 22*u**2 - 6*u + 14. What are the prime factors of w(9)?
1013
Let p be -2*(-5)/(10/19). Suppose -4*z + 10 = 5*o + z, 2*z - 8 = 0. List the prime factors of p + (-3)/(-2)*o.
2
Let p(u) = 2*u**3 - 24*u**2 + 98*u + 4. What are the prime factors of p(9)?
2, 5
Suppose -1000 = -10*c + 1250. What are the prime factors of c?
3, 5
Suppose -7 = -2*d + 1. Let g be ((-40)/(-50))/(6/285). Suppose b + b + 3*h = 12, d*b = h + g. List the prime factors of b.
3
Let h = -8 - -8. Suppose 0 = -2*o - q + 25, h*q - 2*q = -5*o + 58. List the prime factors of o.
2, 3
Suppose 4*b + b + 4*u = 171, 3*b = 5*u + 110. Let w = b - 42. What are the prime factors of (1/(-2))/(w/420)?
2, 3, 5
What are the prime factors of 18*((-10)/(-35) - (-4082)/21)?
2, 3, 73
Let s be 30/12 + 2/(-4). Suppose s*p + 2 = 3*p. Suppose -2*y - p*y + 36 = 0. What are the prime factors of y?
3
What are the prime factors of 26*29 + (63/7 - 14)?
7, 107
Let j = 37 - 66. Let b be (-1 + j/2)*-2. Let q = 49 - b. List the prime factors of q.
2, 3
Suppose -4*n + 34 = -10. Let d = 8 - n. Let a = 16 - d. What are the prime factors of a?
19
Let k(y) = -y**2 + 47*y + 69. What are the prime factors of k(43)?
241
Let i = -43 + 44. What are the prime factors of 21*i/(12/40)?
2, 5, 7
List the prime factors of 1*1320 + 1 - 0.
1321
Let n be 7/28 + 94/(-8)*-1. What are the prime factors of (51/2)/((-18)/n + 2)?
3, 17
Suppose -4*m + 99 + 465 = 0. List the prime factors of m.
3, 47
Suppose -2416 = -5*r + 2*m, -4*r + 4*m + 588 = -1340. What are the prime factors of r?
2, 11
Suppose 2946 = 7*b + 517. List the prime factors of b.
347
List the prime factors of 25/(-50) + (-4002)/(-4).
2, 5
Let y = -147 + 151. Let k(h) = -35*h + 2. Let i be k(-2). Suppose 3*a - t = -2*a + i, 62 = 5*a + y*t. List the prime factors of a.
2, 7
List the prime factors of (-24)/40 + (-40346)/(-10).
2, 2017
Let x(s) = -s - 9. Let o be x(-13). List the prime factors of (o + -3 + -13)/(6/(-8)).
2
Suppose 0 = x + 4*g + 18, -2*x - 11 = -5*g - 1. What are the prime factors of x*8/12*-6?
2, 5
Let w(b) = -b**3 + 5*b**2 + b. Let l = -28 - -33. Let d be w(l). Suppose 0*m + 2*i + 27 = m, d*m = -2*i + 75. What are the prime factors of m?
17
Let h(q) = -2366*q + 29. List the prime factors of h(-1).
5, 479
Let u(i) = -131*i**3 - 2*i**2 - i. Suppose -2*h = -4*z - 8, -3*h = z - 7*h + 9. List the prime factors of u(z).
2, 5, 13
Let p(k) = -3*k**3 - 6*k**2 + 2*k - 6. Suppose 4*h + 10*s - 5*s = -36, 3*h = 3*s. What are the prime factors of p(h)?
2, 41
Suppose 16 = 4*u, -2*m = 5*u - 0*u - 472. What are the prime factors of m?
2, 113
Suppose -w = 5*x - 23, -4*x - 4*w - 8 + 36 = 0. Suppose -x*n = -2*l + 22 + 88, -270 = -4*l - 2*n. List the prime factors of l.
5, 13
Suppose 0*v = -5*v + 110. Suppose 5*c - 214 = -4*k - 34, 0 = -4*k + 4*c + 180. Let b = k - v. What are the prime factors of b?
23
Let c = 713 + -382. What are the prime factors of c?
331
Suppose 19*q = 17*q + 1044. Suppose 0 = -2*r + 5*r - q. What are the prime factors of r?
2, 3, 29
Suppose 0 = 5*a + 5*n + 25, 0 = a - 5*n - 7 - 18. Suppose 8*l - 11*l + 261 = a. List the prime factors of l.
3, 29
Suppose b = 2*q + 15, -1 = -2*b - 4*q - 11. Suppose -b*z = -5*g + 205, -143 = -4*g + z - 4*z. List the prime factors of g.
2, 19
Suppose -z = -3*z + 234. Suppose g = -c + 3*g - 40, 5*g = 3*c + z. Let h = c - -50. What are the prime factors of h?
2
What are the prime factors of 1249188/1066 + (0 - (-4)/26)?
2, 293
Let y(d) = 3*d**2 + 28*d - 16. Let x(i) = -i**3 + 19*i**2 - 17*i - 30. Let g be x(18). List the prime factors of y(g).
2, 5
Suppose -3*o + 6*o = 249. Let d = o - 45. List the prime factors of d.
2, 19
Let q(w) = w**3 - 3*w**2 - 3*w - 6. Let x be q(4). Let t be -2 + (2 - x) + 8. Let p(y) = 9*y - 22. What are the prime factors of p(t)?
2, 17
Let r = 22 - 18. Suppose -32 = -4*h - r*v, -14 = h + h - 4*v. Suppose 145 = h*n - 74. List the prime factors of n.
73
Suppose 0 = -3*n + 181 + 113. Let r = -2 + n. Suppose 16*h = 18*h - r. What are the prime factors of h?
2, 3
Let b(f) = 327*f + 29. List the prime factors of b(13).
2, 5, 107
Let s(y) = 3*y - 17. Let a be s(5). What are the prime factors of